{"id":118,"date":"2017-10-15T14:33:57","date_gmt":"2017-10-15T12:33:57","guid":{"rendered":"http:\/\/alexcorda.fr\/?page_id=118"},"modified":"2020-09-04T17:32:18","modified_gmt":"2020-09-04T15:32:18","slug":"egalite-totale","status":"publish","type":"page","link":"https:\/\/alexcorda.fr\/?page_id=118&lang=fr","title":{"rendered":"Egalit\u00e9 Totale FR"},"content":{"rendered":"<p><img loading=\"lazy\" class=\"alignleft wp-image-256\" src=\"http:\/\/alexcorda.fr\/wp-content\/uploads\/2017\/10\/livre-egalite-totale-1-203x300.png\" alt=\"\" width=\"200\" height=\"295\" srcset=\"https:\/\/alexcorda.fr\/wp-content\/uploads\/2017\/10\/livre-egalite-totale-1-203x300.png 203w, https:\/\/alexcorda.fr\/wp-content\/uploads\/2017\/10\/livre-egalite-totale-1-768x1134.png 768w, https:\/\/alexcorda.fr\/wp-content\/uploads\/2017\/10\/livre-egalite-totale-1-693x1024.png 693w, https:\/\/alexcorda.fr\/wp-content\/uploads\/2017\/10\/livre-egalite-totale-1-624x921.png 624w, https:\/\/alexcorda.fr\/wp-content\/uploads\/2017\/10\/livre-egalite-totale-1.png 1311w\" sizes=\"(max-width: 200px) 100vw, 200px\" \/>Orso faisait partie de ceux qui \u00e9taient n\u00e9s avant l&#8217;\u00e9v\u00e9nement, avant le grand changement; ceux qui avaient connu l&#8217;avant et l&#8217;apr\u00e8s.<\/p>\n<p>Avant et apr\u00e8s l\u2019affaire Magnus Wallis.<br \/>\nAvant et apr\u00e8s la derni\u00e8re \u00e9lection pr\u00e9sidentielle.<br \/>\nAvant et apr\u00e8s la victoire de Rose-Marie Cressac.<br \/>\nAvant et apr\u00e8s la mise en place de l\u2019\u00e9galit\u00e9 parfaite entre les femmes et les hommes.<\/p>\n<p><i>20 ans, putain, d\u00e9j\u00e0 20 ans\u2026 que sont devenues nos libert\u00e9s ?<\/i><\/p>\n<p>Orso rasait les murs, le regard dans les chaussures. Il portait l\u2019anneau rouge, l\u2019anneau des non-unis. Il se rendait dans une des agences matrimoniales cr\u00e9\u00e9es par le gouvernement pour contr\u00f4ler les unions, un rendez-vous obligatoire. Le temps \u00e9tait venu de lui trouver l\u2019union-parfaite.<br \/>\nOrso, un homme contraint au conformisme, \u00e0 la transparence et \u00e0 l\u2019invisibilit\u00e9.<br \/>\nUn fant\u00f4me qui allait devoir sortir de l\u2019ombre.<\/p>\n<p>Un roman noir d\u2019anticipation qui ne vous laissera aucun r\u00e9pit. Une aventure palpitante qui vous m\u00e8nera au plus profond de l\u2019\u00e2me humaine, sombre et inqui\u00e9tante.<\/p>\n<p><img loading=\"lazy\" class=\"alignleft wp-image-198\" src=\"http:\/\/alexcorda.fr\/wp-content\/uploads\/2017\/10\/texte-AFCU.png\" alt=\"\" width=\"500\" height=\"191\" srcset=\"https:\/\/alexcorda.fr\/wp-content\/uploads\/2017\/10\/texte-AFCU.png 657w, https:\/\/alexcorda.fr\/wp-content\/uploads\/2017\/10\/texte-AFCU-300x115.png 300w, https:\/\/alexcorda.fr\/wp-content\/uploads\/2017\/10\/texte-AFCU-624x238.png 624w\" sizes=\"(max-width: 500px) 100vw, 500px\" \/><\/p>\n<p><img loading=\"lazy\" class=\"wp-image-193 aligncenter\" src=\"http:\/\/alexcorda.fr\/wp-content\/uploads\/2017\/10\/texte-condamn\u00e9-1024x372.png\" alt=\"\" width=\"500\" height=\"182\" srcset=\"https:\/\/alexcorda.fr\/wp-content\/uploads\/2017\/10\/texte-condamn\u00e9-1024x372.png 1024w, https:\/\/alexcorda.fr\/wp-content\/uploads\/2017\/10\/texte-condamn\u00e9-300x109.png 300w, https:\/\/alexcorda.fr\/wp-content\/uploads\/2017\/10\/texte-condamn\u00e9-768x279.png 768w, https:\/\/alexcorda.fr\/wp-content\/uploads\/2017\/10\/texte-condamn\u00e9-624x227.png 624w, https:\/\/alexcorda.fr\/wp-content\/uploads\/2017\/10\/texte-condamn\u00e9.png 1048w\" sizes=\"(max-width: 500px) 100vw, 500px\" \/><img loading=\"lazy\" class=\"wp-image-249 alignright\" src=\"http:\/\/alexcorda.fr\/wp-content\/uploads\/2017\/10\/texte-femme-histoire-300x138.png\" alt=\"\" width=\"500\" height=\"231\" srcset=\"https:\/\/alexcorda.fr\/wp-content\/uploads\/2017\/10\/texte-femme-histoire-300x138.png 300w, https:\/\/alexcorda.fr\/wp-content\/uploads\/2017\/10\/texte-femme-histoire-768x354.png 768w, https:\/\/alexcorda.fr\/wp-content\/uploads\/2017\/10\/texte-femme-histoire-1024x472.png 1024w, https:\/\/alexcorda.fr\/wp-content\/uploads\/2017\/10\/texte-femme-histoire-624x288.png 624w, https:\/\/alexcorda.fr\/wp-content\/uploads\/2017\/10\/texte-femme-histoire.png 1357w\" sizes=\"(max-width: 500px) 100vw, 500px\" \/><\/p>\n","protected":false},"excerpt":{"rendered":"<p>Orso faisait partie de ceux qui \u00e9taient n\u00e9s avant l&#8217;\u00e9v\u00e9nement, avant le grand changement; ceux qui avaient connu l&#8217;avant et l&#8217;apr\u00e8s. Avant et apr\u00e8s l\u2019affaire Magnus Wallis. Avant et apr\u00e8s&#8230; <a href=\"https:\/\/alexcorda.fr\/?page_id=118&#038;lang=fr\">Read more &raquo;<\/a><\/p>\n","protected":false},"author":1,"featured_media":0,"parent":0,"menu_order":0,"comment_status":"closed","ping_status":"closed","template":"","meta":[],"_links":{"self":[{"href":"https:\/\/alexcorda.fr\/index.php?rest_route=\/wp\/v2\/pages\/118"}],"collection":[{"href":"https:\/\/alexcorda.fr\/index.php?rest_route=\/wp\/v2\/pages"}],"about":[{"href":"https:\/\/alexcorda.fr\/index.php?rest_route=\/wp\/v2\/types\/page"}],"author":[{"embeddable":true,"href":"https:\/\/alexcorda.fr\/index.php?rest_route=\/wp\/v2\/users\/1"}],"replies":[{"embeddable":true,"href":"https:\/\/alexcorda.fr\/index.php?rest_route=%2Fwp%2Fv2%2Fcomments&post=118"}],"version-history":[{"count":29,"href":"https:\/\/alexcorda.fr\/index.php?rest_route=\/wp\/v2\/pages\/118\/revisions"}],"predecessor-version":[{"id":376,"href":"https:\/\/alexcorda.fr\/index.php?rest_route=\/wp\/v2\/pages\/118\/revisions\/376"}],"wp:attachment":[{"href":"https:\/\/alexcorda.fr\/index.php?rest_route=%2Fwp%2Fv2%2Fmedia&parent=118"}],"curies":[{"name":"wp","href":"https:\/\/api.w.org\/{rel}","templated":true}]}}