{"id":7,"date":"2017-10-15T01:19:47","date_gmt":"2017-10-14T23:19:47","guid":{"rendered":"http:\/\/alexcorda.fr\/?page_id=7"},"modified":"2020-09-04T17:21:08","modified_gmt":"2020-09-04T15:21:08","slug":"accueil","status":"publish","type":"page","link":"https:\/\/alexcorda.fr\/?page_id=7&lang=fr","title":{"rendered":"Accueil FR"},"content":{"rendered":"<h1>\n\t\t <div class=\"uix-sc-heading uix-sc-tc\" style=\"color:#fa0505;font-size:36px;text-transform:none;letter-spacing:2px;\">\n\t\t\t Jusqu&#8217;o\u00f9 nous m\u00e8nera&nbsp;l&#8217;Egalit\u00e9&nbsp;Totale&nbsp;?\n\t\t <\/div>\n\t   <\/h1>\n<h1>\n\t\t <div class=\"uix-sc-heading uix-sc-tc\" style=\"color:#000000;font-size:24px;text-transform:none;letter-spacing:2px;\">\n\t\t\t Le livre est disponible en version papier et num\u00e9rique sur&nbsp;<a href=\"https:\/\/www.amazon.fr\/Egalit%C3%A9-Totale-Alex-Corda-ebook\/dp\/B076YW8RRN\/ref=sr_1_1?ie=UTF8&amp;qid=1509389652&amp;sr=8-1&amp;keywords=egalite+totale\">Amazon<\/a><a href=\"https:\/\/www.kobo.com\/fr\/fr\/ebook\/egalite-totale\">.<\/a>\n\t\t <\/div>\n\t   <\/h1>\n<h1>\n\t\t <div class=\"uix-sc-heading uix-sc-tc\" style=\"color:#000000;font-size:18px;text-transform:none;letter-spacing:2px;\">\n\t\t\t Suivez-moi sur <a href=\"https:\/\/www.facebook.com\/alexcordaofficiel\/\" target=\"_blank\" rel=\"noopener noreferrer\">Facebook<\/a>.\n\t\t <\/div>\n\t   <\/h1>\n<h1>\n\t\t <div class=\"uix-sc-heading uix-sc-tc\" style=\"color:#000000;font-size:18px;text-transform:none;letter-spacing:2px;\">\n\t\t\t Retrouvez le livre sur <a href=\"https:\/\/www.babelio.com\/livres\/Corda-Egalite-Totale\/1000168\">Babelio<\/a>.\n\t\t <\/div>\n\t   <\/h1>\n","protected":false},"excerpt":{"rendered":"","protected":false},"author":1,"featured_media":0,"parent":0,"menu_order":0,"comment_status":"closed","ping_status":"closed","template":"","meta":[],"_links":{"self":[{"href":"https:\/\/alexcorda.fr\/index.php?rest_route=\/wp\/v2\/pages\/7"}],"collection":[{"href":"https:\/\/alexcorda.fr\/index.php?rest_route=\/wp\/v2\/pages"}],"about":[{"href":"https:\/\/alexcorda.fr\/index.php?rest_route=\/wp\/v2\/types\/page"}],"author":[{"embeddable":true,"href":"https:\/\/alexcorda.fr\/index.php?rest_route=\/wp\/v2\/users\/1"}],"replies":[{"embeddable":true,"href":"https:\/\/alexcorda.fr\/index.php?rest_route=%2Fwp%2Fv2%2Fcomments&post=7"}],"version-history":[{"count":28,"href":"https:\/\/alexcorda.fr\/index.php?rest_route=\/wp\/v2\/pages\/7\/revisions"}],"predecessor-version":[{"id":367,"href":"https:\/\/alexcorda.fr\/index.php?rest_route=\/wp\/v2\/pages\/7\/revisions\/367"}],"wp:attachment":[{"href":"https:\/\/alexcorda.fr\/index.php?rest_route=%2Fwp%2Fv2%2Fmedia&parent=7"}],"curies":[{"name":"wp","href":"https:\/\/api.w.org\/{rel}","templated":true}]}}